{"id":231,"date":"2016-10-10T10:34:46","date_gmt":"2016-10-10T08:34:46","guid":{"rendered":"http:\/\/trampoline.edu.pl\/?page_id=231"},"modified":"2025-01-22T12:26:10","modified_gmt":"2025-01-22T11:26:10","slug":"cennik","status":"publish","type":"page","link":"http:\/\/trampoline.edu.pl\/przedszkole\/cennik\/","title":{"rendered":"Cennik"},"content":{"rendered":"<p style=\"text-align: center;\">Ceny obowi\u0105zuj\u0105ce w przedszkolu polsko- francuskim Trampoline<br \/>\n<strong>WSZYSTKIE GRUPY WIEKOWE<\/strong> ( od 07:45-17:00)<br \/>\nWPISOWE: 2800z\u0142<\/p>\n<h5 style=\"text-align: center;\"><span style=\"color: #ffb600;\"> MIESI\u0118CZNE OP\u0141ATY:<\/span><\/h5>\n<ul>\n<li style=\"text-align: center;\">&#8211; 2800z\u0142 czesne<br \/>\n&#8211; 3400 z\u0142 czesne dla dziecka, kt\u00f3re nie uko\u0144czy\u0142o 2,5r.\u017c<\/li>\n<li style=\"text-align: center;\">&#8211; 30z\u0142\/dzie\u0144 wy\u017cywienie standardowe<br \/>\n&#8211; 35z\u0142\/dzie\u0144 wy\u017cywienie dieta<\/li>\n<\/ul>\n<h5 style=\"text-align: center;\"><span style=\"color: #ffb600;\"> CENA OBEJMUJE:<\/span><\/h5>\n<p style=\"text-align: center;\">&#8211; opiek\u0119 dw\u00f3ch wychowawc\u00f3w \u2013 wedle zasady \u201ejedna osoba \u2013 jeden j\u0119zyk\u201d .jeden z wychowawc\u00f3w u\u017cywa w kontaktach z dzie\u0107mi tylko j\u0119zyka polskiego, za\u015b drugi \u2013 tylko j\u0119zyka francuskiego,<br \/>\n&#8211; 3 posi\u0142ki dziennie,<br \/>\n&#8211; zaj\u0119cia rytmiczne,<br \/>\n&#8211;\u00a0 uczestnictwo w programie edukacji muzycznej prowadzonym we wsp\u00f3\u0142pracy<br \/>\nz Filharmoni\u0105 Narodow\u0105 pt. \u201eSpotkania z muzyk\u0105\u201d,<br \/>\n&#8211; jedne nieodp\u0142atne zaj\u0119cia dodatkowe, takie jak: gimnastyka korekcyjna,<br \/>\njoga lub judo.<\/p>\n","protected":false},"excerpt":{"rendered":"<p>Ceny obowi\u0105zuj\u0105ce w przedszkolu polsko- francuskim Trampoline WSZYSTKIE GRUPY WIEKOWE ( od 07:45-17:00) WPISOWE: 2800z\u0142 MIESI\u0118CZNE OP\u0141ATY: &#8211; 2800z\u0142 czesne &#8211; 3400 z\u0142 czesne dla dziecka, kt\u00f3re nie uko\u0144czy\u0142o 2,5r.\u017c &#8211; 30z\u0142\/dzie\u0144 wy\u017cywienie standardowe &#8211; 35z\u0142\/dzie\u0144 wy\u017cywienie dieta CENA OBEJMUJE: &#8211; opiek\u0119 dw\u00f3ch wychowawc\u00f3w \u2013 wedle zasady \u201ejedna osoba \u2013 jeden j\u0119zyk\u201d .jeden z wychowawc\u00f3w [&hellip;]<\/p>\n","protected":false},"author":1,"featured_media":0,"parent":0,"menu_order":0,"comment_status":"closed","ping_status":"closed","template":"cennik.php","meta":[],"_links":{"self":[{"href":"http:\/\/trampoline.edu.pl\/przedszkole\/wp-json\/wp\/v2\/pages\/231"}],"collection":[{"href":"http:\/\/trampoline.edu.pl\/przedszkole\/wp-json\/wp\/v2\/pages"}],"about":[{"href":"http:\/\/trampoline.edu.pl\/przedszkole\/wp-json\/wp\/v2\/types\/page"}],"author":[{"embeddable":true,"href":"http:\/\/trampoline.edu.pl\/przedszkole\/wp-json\/wp\/v2\/users\/1"}],"replies":[{"embeddable":true,"href":"http:\/\/trampoline.edu.pl\/przedszkole\/wp-json\/wp\/v2\/comments?post=231"}],"version-history":[{"count":17,"href":"http:\/\/trampoline.edu.pl\/przedszkole\/wp-json\/wp\/v2\/pages\/231\/revisions"}],"predecessor-version":[{"id":1336,"href":"http:\/\/trampoline.edu.pl\/przedszkole\/wp-json\/wp\/v2\/pages\/231\/revisions\/1336"}],"wp:attachment":[{"href":"http:\/\/trampoline.edu.pl\/przedszkole\/wp-json\/wp\/v2\/media?parent=231"}],"curies":[{"name":"wp","href":"https:\/\/api.w.org\/{rel}","templated":true}]}}

<p style="text-align: center;">Ceny obowiązujące w przedszkolu polsko- francuskim Trampoline<br />
<strong>WSZYSTKIE GRUPY WIEKOWE</strong> ( od 07:45-17:00)<br />
WPISOWE: 2800zł</p>
<h5 style="text-align: center;"><span style="color: #ffb600;"> MIESIĘCZNE OPŁATY:</span></h5>
<ul>
<li style="text-align: center;">&#8211; 2800zł czesne<br />
&#8211; 3400 zł czesne dla dziecka, które nie ukończyło 2,5r.ż</li>
<li style="text-align: center;">&#8211; 30zł/dzień wyżywienie standardowe<br />
&#8211; 35zł/dzień wyżywienie dieta</li>
</ul>
<h5 style="text-align: center;"><span style="color: #ffb600;"> CENA OBEJMUJE:</span></h5>
<p style="text-align: center;">&#8211; opiekę dwóch wychowawców – wedle zasady „jedna osoba – jeden język” .jeden z wychowawców używa w kontaktach z dziećmi tylko języka polskiego, zaś drugi – tylko języka francuskiego,<br />
&#8211; 3 posiłki dziennie,<br />
&#8211; zajęcia rytmiczne,<br />
&#8211;  uczestnictwo w programie edukacji muzycznej prowadzonym we współpracy<br />
z Filharmonią Narodową pt. „Spotkania z muzyką”,<br />
&#8211; jedne nieodpłatne zajęcia dodatkowe, takie jak: gimnastyka korekcyjna,<br />
joga lub judo.</p>

<p>Ceny obowiązujące w przedszkolu polsko- francuskim Trampoline WSZYSTKIE GRUPY WIEKOWE ( od 07:45-17:00) WPISOWE: 2800zł MIESIĘCZNE OPŁATY: &#8211; 2800zł czesne &#8211; 3400 zł czesne dla dziecka, które nie ukończyło 2,5r.ż &#8211; 30zł/dzień wyżywienie standardowe &#8211; 35zł/dzień wyżywienie dieta CENA OBEJMUJE: &#8211; opiekę dwóch wychowawców – wedle zasady „jedna osoba – jeden język” .jeden z wychowawców [&hellip;]</p>
